{"id":65,"date":"2023-01-24T13:42:00","date_gmt":"2023-01-24T12:42:00","guid":{"rendered":"https:\/\/aiep-transculturel.com\/documentation\/?page_id=65"},"modified":"2023-01-24T14:52:44","modified_gmt":"2023-01-24T13:52:44","slug":"contact","status":"publish","type":"page","link":"https:\/\/aiep-transculturel.com\/documentation\/contact\/","title":{"rendered":"CONTACT"},"content":{"rendered":"<div class='flex_column_table av-ldaanixj-4427a1eba8e1efb320de40d015891393 sc-av_one_half av-equal-height-column-flextable'>\n<style type=\"text\/css\" data-created_by=\"avia_inline_auto\" id=\"style-css-av-ldaanixj-4427a1eba8e1efb320de40d015891393\">\n.flex_column.av-ldaanixj-4427a1eba8e1efb320de40d015891393{\npadding:30px 30px 30px 30px;\nbackground-color:#ea7a2f;\n}\n<\/style>\n<div  class='flex_column av-ldaanixj-4427a1eba8e1efb320de40d015891393 av_one_half  avia-builder-el-0  el_before_av_one_half  avia-builder-el-first  first flex_column_table_cell av-equal-height-column av-align-top  '     ><p>\n<style type=\"text\/css\" data-created_by=\"avia_inline_auto\" id=\"style-css-av-ldaaoc42-5e7a3bb637a962ec88dd047d633f5498\">\n#top .av-special-heading.av-ldaaoc42-5e7a3bb637a962ec88dd047d633f5498{\npadding-bottom:10px;\ncolor:#ffffff;\n}\nbody .av-special-heading.av-ldaaoc42-5e7a3bb637a962ec88dd047d633f5498 .av-special-heading-tag .heading-char{\nfont-size:25px;\n}\n.av-special-heading.av-ldaaoc42-5e7a3bb637a962ec88dd047d633f5498 .special-heading-inner-border{\nborder-color:#ffffff;\n}\n.av-special-heading.av-ldaaoc42-5e7a3bb637a962ec88dd047d633f5498 .av-subheading{\nfont-size:15px;\n}\n<\/style>\n<div  class='av-special-heading av-ldaaoc42-5e7a3bb637a962ec88dd047d633f5498 av-special-heading-h1 custom-color-heading blockquote modern-quote  avia-builder-el-1  el_before_av_hr  avia-builder-el-first '><h1 class='av-special-heading-tag '  itemprop=\"headline\"  >CONTACT<\/h1><div class=\"special-heading-border\"><div class=\"special-heading-inner-border\"><\/div><\/div><\/div><br \/>\n<div  class='hr av-av_hr-91d7ccd583a503147498e120fee2ff9b hr-default  avia-builder-el-2  el_after_av_heading  el_before_av_textblock '><span class='hr-inner '><span class=\"hr-inner-style\"><\/span><\/span><\/div><br \/>\n<section  class='av_textblock_section av-ldaapsoe-a8894ddefa8462c599067c5857ed1eb6 '   itemscope=\"itemscope\" itemtype=\"https:\/\/schema.org\/CreativeWork\" ><div class='avia_textblock'  itemprop=\"text\" ><h3><span style=\"color: #ffffff;\"><em><strong>A.I.E.P., Maison des Adolescents de Solenn<\/strong><\/em><\/span><br \/>\n<span style=\"color: #ffffff;\"><em><strong>97, Boulevard de Port-Royal<\/strong><\/em><\/span><br \/>\n<span style=\"color: #ffffff;\"><em><strong>75 679 Paris Cedex 14<\/strong><\/em><\/span><\/h3>\n<\/div><\/section><\/p><\/div><div class='av-flex-placeholder'><\/div><div  class='flex_column av-av_one_half-f1c518e9ff58e869f80c8f093487abc9 av_one_half  avia-builder-el-4  el_after_av_one_half  avia-builder-el-last  flex_column_table_cell av-equal-height-column av-align-top  '     ><form action=\"https:\/\/aiep-transculturel.com\/documentation\/contact\/\" method=\"post\" data-fields-with-error=\"Erreurs trouv\u00e9es dans les champs suivants :\" class=\"avia_ajax_form av-form-labels-hidden   avia-builder-el-5  avia-builder-el-no-sibling  av-centered-form   \" data-avia-form-id=\"1\" data-avia-redirect='' ><h3 class=''>Envoyez-nous un mail<\/h3><fieldset><p class='  first_form  form_element form_element_half' id='element_avia_1_1'><label for=\"avia_1_1\">Nom <abbr class=\"required\" title=\"requis(e)\">*<\/abbr><\/label> <input name=\"avia_1_1\" class=\"text_input is_empty\" type=\"text\" id=\"avia_1_1\" value=\"\"  placeholder='Nom*'\/><\/p><p class='  form_element form_element_half' id='element_avia_2_1'><label for=\"avia_2_1\">E-Mail <abbr class=\"required\" title=\"requis(e)\">*<\/abbr><\/label> <input name=\"avia_2_1\" class=\"text_input is_email\" type=\"text\" id=\"avia_2_1\" value=\"\"  placeholder='E-Mail*'\/><\/p><p class='  first_form  form_element form_fullwidth' id='element_avia_3_1'><label for=\"avia_3_1\">Sujet <abbr class=\"required\" title=\"requis(e)\">*<\/abbr><\/label> <input name=\"avia_3_1\" class=\"text_input is_empty\" type=\"text\" id=\"avia_3_1\" value=\"\"  placeholder='Sujet*'\/><\/p><p class='  first_form  form_element form_fullwidth' id='element_avia_4_1'><label for=\"avia_4_1\" class=\"textare_label hidden textare_label_avia_4_1\">Message <abbr class=\"required\" title=\"requis(e)\">*<\/abbr><\/label><textarea  placeholder='Message*' name=\"avia_4_1\" class=\"text_area is_empty\" cols=\"40\" rows=\"7\" id=\"avia_4_1\" ><\/textarea><\/p><p class=\"hidden\"><input type=\"text\" name=\"avia_5_1\" class=\"hidden \" id=\"avia_5_1\" value=\"\" \/><\/p><p class=' av_form_privacy_check av_contact_privacy_check first_form  form_element form_fullwidth' id='element_avia_6_1'><input  name=\"avia_6_1\" class=\"input_checkbox is_empty\" type=\"checkbox\" id=\"avia_6_1\" value=\"true\"\/><label class=\"input_checkbox_label\" for=\"avia_6_1\">J'accepte les conditions g\u00e9n\u00e9rales expos\u00e9es dans la <a href='https:\/\/aiep-transculturel.com\/documentation\/?page_id=3' target='_blank'>politique de confidentialit\u00e9<\/a> <abbr class=\"required\" title=\"requis(e)\">*<\/abbr><\/label><\/p><p class=\"form_element \"><input type=\"hidden\" value=\"1\" name=\"avia_generated_form1\" \/><input type=\"submit\" value=\"Valider\" class=\"button\"  data-sending-label=\"Envoi\"\/><\/p><\/fieldset><\/form><div id=\"ajaxresponse_1\" class=\"ajaxresponse ajaxresponse_1 hidden\"><\/div><\/div><\/div><!--close column table wrapper. Autoclose: 1 --><\/p>\n","protected":false},"excerpt":{"rendered":"","protected":false},"author":1,"featured_media":0,"parent":0,"menu_order":0,"comment_status":"closed","ping_status":"closed","template":"","meta":{"footnotes":""},"class_list":["post-65","page","type-page","status-publish","hentry"],"_links":{"self":[{"href":"https:\/\/aiep-transculturel.com\/documentation\/wp-json\/wp\/v2\/pages\/65","targetHints":{"allow":["GET"]}}],"collection":[{"href":"https:\/\/aiep-transculturel.com\/documentation\/wp-json\/wp\/v2\/pages"}],"about":[{"href":"https:\/\/aiep-transculturel.com\/documentation\/wp-json\/wp\/v2\/types\/page"}],"author":[{"embeddable":true,"href":"https:\/\/aiep-transculturel.com\/documentation\/wp-json\/wp\/v2\/users\/1"}],"replies":[{"embeddable":true,"href":"https:\/\/aiep-transculturel.com\/documentation\/wp-json\/wp\/v2\/comments?post=65"}],"version-history":[{"count":4,"href":"https:\/\/aiep-transculturel.com\/documentation\/wp-json\/wp\/v2\/pages\/65\/revisions"}],"predecessor-version":[{"id":99,"href":"https:\/\/aiep-transculturel.com\/documentation\/wp-json\/wp\/v2\/pages\/65\/revisions\/99"}],"wp:attachment":[{"href":"https:\/\/aiep-transculturel.com\/documentation\/wp-json\/wp\/v2\/media?parent=65"}],"curies":[{"name":"wp","href":"https:\/\/api.w.org\/{rel}","templated":true}]}}