{"version":"1.0","provider_name":"Transculturailes","provider_url":"https:\/\/aiep-transculturel.com\/transculturailes","author_name":"Transculturailes","author_url":"https:\/\/aiep-transculturel.com\/transculturailes\/author\/anea_671h\/","title":"Le parcours, la travers\u00e9e - Transculturailes","type":"rich","width":600,"height":338,"html":"<blockquote class=\"wp-embedded-content\" data-secret=\"2p6nWVgcQJ\"><a href=\"https:\/\/aiep-transculturel.com\/transculturailes\/le-parcours-la-traversee\/\">Le parcours, la travers\u00e9e<\/a><\/blockquote><iframe sandbox=\"allow-scripts\" security=\"restricted\" src=\"https:\/\/aiep-transculturel.com\/transculturailes\/le-parcours-la-traversee\/embed\/#?secret=2p6nWVgcQJ\" width=\"600\" height=\"338\" title=\"\u00ab\u00a0Le parcours, la travers\u00e9e\u00a0\u00bb &#8212; Transculturailes\" data-secret=\"2p6nWVgcQJ\" frameborder=\"0\" marginwidth=\"0\" marginheight=\"0\" scrolling=\"no\" class=\"wp-embedded-content\"><\/iframe><script type=\"text\/javascript\">\n\/* <![CDATA[ *\/\n\/*! This file is auto-generated *\/\n!function(d,l){\"use strict\";l.querySelector&&d.addEventListener&&\"undefined\"!=typeof URL&&(d.wp=d.wp||{},d.wp.receiveEmbedMessage||(d.wp.receiveEmbedMessage=function(e){var t=e.data;if((t||t.secret||t.message||t.value)&&!\/[^a-zA-Z0-9]\/.test(t.secret)){for(var s,r,n,a=l.querySelectorAll('iframe[data-secret=\"'+t.secret+'\"]'),o=l.querySelectorAll('blockquote[data-secret=\"'+t.secret+'\"]'),c=new RegExp(\"^https?:$\",\"i\"),i=0;i<o.length;i++)o[i].style.display=\"none\";for(i=0;i<a.length;i++)s=a[i],e.source===s.contentWindow&&(s.removeAttribute(\"style\"),\"height\"===t.message?(1e3<(r=parseInt(t.value,10))?r=1e3:~~r<200&&(r=200),s.height=r):\"link\"===t.message&&(r=new URL(s.getAttribute(\"src\")),n=new URL(t.value),c.test(n.protocol))&&n.host===r.host&&l.activeElement===s&&(d.top.location.href=t.value))}},d.addEventListener(\"message\",d.wp.receiveEmbedMessage,!1),l.addEventListener(\"DOMContentLoaded\",function(){for(var e,t,s=l.querySelectorAll(\"iframe.wp-embedded-content\"),r=0;r<s.length;r++)(t=(e=s[r]).getAttribute(\"data-secret\"))||(t=Math.random().toString(36).substring(2,12),e.src+=\"#?secret=\"+t,e.setAttribute(\"data-secret\",t)),e.contentWindow.postMessage({message:\"ready\",secret:t},\"*\")},!1)))}(window,document);\n\/\/# sourceURL=https:\/\/aiep-transculturel.com\/transculturailes\/wp-includes\/js\/wp-embed.min.js\n\/* ]]> *\/\n<\/script>\n","thumbnail_url":"https:\/\/aiep-transculturel.com\/transculturailes\/wp-content\/uploads\/2021\/07\/pexels-photo-189349.jpeg","thumbnail_width":1880,"thumbnail_height":1253,"description":"Qui dit exil, dit parcours.&nbsp; Sur mon itin\u00e9raire professionnel, ils ont \u00e9t\u00e9 nombreux, ces migrants fuyant les pers\u00e9cutions et les guerres. Ne les appelons pas r\u00e9fugi\u00e9s, ils n\u2019en ont pas le statut. Qu\u2019ils soient de passage ou qu\u2019ils aient pos\u00e9 leurs valises, les \u00e9changes sur leur voyage m\u2019ont tr\u00e8s souvent marqu\u00e9e. Le premier, l\u2019initiatique, a [&hellip;]"}

Le parcours, la traversée - Transculturailes

<blockquote class="wp-embedded-content" data-secret="2p6nWVgcQJ"><a href="https://aiep-transculturel.com/transculturailes/le-parcours-la-traversee/">Le parcours, la traversée</a></blockquote><iframe sandbox="allow-scripts" security="restricted" src="https://aiep-transculturel.com/transculturailes/le-parcours-la-traversee/embed/#?secret=2p6nWVgcQJ" width="600" height="338" title="« Le parcours, la traversée » &#8212; Transculturailes" data-secret="2p6nWVgcQJ" frameborder="0" marginwidth="0" marginheight="0" scrolling="no" class="wp-embedded-content"></iframe><script type="text/javascript">
/* <![CDATA[ */
/*! This file is auto-generated */
!function(d,l){"use strict";l.querySelector&&d.addEventListener&&"undefined"!=typeof URL&&(d.wp=d.wp||{},d.wp.receiveEmbedMessage||(d.wp.receiveEmbedMessage=function(e){var t=e.data;if((t||t.secret||t.message||t.value)&&!/[^a-zA-Z0-9]/.test(t.secret)){for(var s,r,n,a=l.querySelectorAll('iframe[data-secret="'+t.secret+'"]'),o=l.querySelectorAll('blockquote[data-secret="'+t.secret+'"]'),c=new RegExp("^https?:$","i"),i=0;i<o.length;i++)o[i].style.display="none";for(i=0;i<a.length;i++)s=a[i],e.source===s.contentWindow&&(s.removeAttribute("style"),"height"===t.message?(1e3<(r=parseInt(t.value,10))?r=1e3:~~r<200&&(r=200),s.height=r):"link"===t.message&&(r=new URL(s.getAttribute("src")),n=new URL(t.value),c.test(n.protocol))&&n.host===r.host&&l.activeElement===s&&(d.top.location.href=t.value))}},d.addEventListener("message",d.wp.receiveEmbedMessage,!1),l.addEventListener("DOMContentLoaded",function(){for(var e,t,s=l.querySelectorAll("iframe.wp-embedded-content"),r=0;r<s.length;r++)(t=(e=s[r]).getAttribute("data-secret"))||(t=Math.random().toString(36).substring(2,12),e.src+="#?secret="+t,e.setAttribute("data-secret",t)),e.contentWindow.postMessage({message:"ready",secret:t},"*")},!1)))}(window,document);
//# sourceURL=https://aiep-transculturel.com/transculturailes/wp-includes/js/wp-embed.min.js
/* ]]> */
</script>

Qui dit exil, dit parcours.&nbsp; Sur mon itinéraire professionnel, ils ont été nombreux, ces migrants fuyant les persécutions et les guerres. Ne les appelons pas réfugiés, ils n’en ont pas le statut. Qu’ils soient de passage ou qu’ils aient posé leurs valises, les échanges sur leur voyage m’ont très souvent marquée. Le premier, l’initiatique, a [&hellip;]
