{"version":"1.0","provider_name":"Transculturailes","provider_url":"https:\/\/aiep-transculturel.com\/transculturailes","author_name":"Transculturailes","author_url":"https:\/\/aiep-transculturel.com\/transculturailes\/author\/anea_671h\/","title":"Un pas vers l'alt\u00e9rit\u00e9 ?\u00a0 - Transculturailes","type":"rich","width":600,"height":338,"html":"<blockquote class=\"wp-embedded-content\" data-secret=\"ZqNPQCPZu2\"><a href=\"https:\/\/aiep-transculturel.com\/transculturailes\/les-mots-de-anna\/\">Un pas vers l&rsquo;alt\u00e9rit\u00e9 ?\u00a0<\/a><\/blockquote><iframe sandbox=\"allow-scripts\" security=\"restricted\" src=\"https:\/\/aiep-transculturel.com\/transculturailes\/les-mots-de-anna\/embed\/#?secret=ZqNPQCPZu2\" width=\"600\" height=\"338\" title=\"\u00ab\u00a0Un pas vers l&rsquo;alt\u00e9rit\u00e9 ?\u00a0\u00a0\u00bb &#8212; Transculturailes\" data-secret=\"ZqNPQCPZu2\" frameborder=\"0\" marginwidth=\"0\" marginheight=\"0\" scrolling=\"no\" class=\"wp-embedded-content\"><\/iframe><script type=\"text\/javascript\">\n\/* <![CDATA[ *\/\n\/*! This file is auto-generated *\/\n!function(d,l){\"use strict\";l.querySelector&&d.addEventListener&&\"undefined\"!=typeof URL&&(d.wp=d.wp||{},d.wp.receiveEmbedMessage||(d.wp.receiveEmbedMessage=function(e){var t=e.data;if((t||t.secret||t.message||t.value)&&!\/[^a-zA-Z0-9]\/.test(t.secret)){for(var s,r,n,a=l.querySelectorAll('iframe[data-secret=\"'+t.secret+'\"]'),o=l.querySelectorAll('blockquote[data-secret=\"'+t.secret+'\"]'),c=new RegExp(\"^https?:$\",\"i\"),i=0;i<o.length;i++)o[i].style.display=\"none\";for(i=0;i<a.length;i++)s=a[i],e.source===s.contentWindow&&(s.removeAttribute(\"style\"),\"height\"===t.message?(1e3<(r=parseInt(t.value,10))?r=1e3:~~r<200&&(r=200),s.height=r):\"link\"===t.message&&(r=new URL(s.getAttribute(\"src\")),n=new URL(t.value),c.test(n.protocol))&&n.host===r.host&&l.activeElement===s&&(d.top.location.href=t.value))}},d.addEventListener(\"message\",d.wp.receiveEmbedMessage,!1),l.addEventListener(\"DOMContentLoaded\",function(){for(var e,t,s=l.querySelectorAll(\"iframe.wp-embedded-content\"),r=0;r<s.length;r++)(t=(e=s[r]).getAttribute(\"data-secret\"))||(t=Math.random().toString(36).substring(2,12),e.src+=\"#?secret=\"+t,e.setAttribute(\"data-secret\",t)),e.contentWindow.postMessage({message:\"ready\",secret:t},\"*\")},!1)))}(window,document);\n\/\/# sourceURL=https:\/\/aiep-transculturel.com\/transculturailes\/wp-includes\/js\/wp-embed.min.js\n\/* ]]> *\/\n<\/script>\n","thumbnail_url":"https:\/\/aiep-transculturel.com\/transculturailes\/wp-content\/uploads\/2022\/06\/img_20220606_112423-e1654507808124.jpg","thumbnail_width":1048,"thumbnail_height":699,"description":"Je me souviens de cette douche, ou plus particuli\u00e8rement de ce lavage de cheveux&#8230; Ces cheveux ? Ceux de Nour, fillette de 10 ans \u00e0 l\u2019imposante chevelure qui descend jusqu\u2019en bas du dos. Plac\u00e9e dans cette structure depuis un ou deux ans, elle nous est confi\u00e9e par la juge des enfants. Je suis \u00e9ducatrice de [&hellip;]"}

Un pas vers l'altérité ?  - Transculturailes

<blockquote class="wp-embedded-content" data-secret="ZqNPQCPZu2"><a href="https://aiep-transculturel.com/transculturailes/les-mots-de-anna/">Un pas vers l&rsquo;altérité ? </a></blockquote><iframe sandbox="allow-scripts" security="restricted" src="https://aiep-transculturel.com/transculturailes/les-mots-de-anna/embed/#?secret=ZqNPQCPZu2" width="600" height="338" title="« Un pas vers l&rsquo;altérité ?  » &#8212; Transculturailes" data-secret="ZqNPQCPZu2" frameborder="0" marginwidth="0" marginheight="0" scrolling="no" class="wp-embedded-content"></iframe><script type="text/javascript">
/* <![CDATA[ */
/*! This file is auto-generated */
!function(d,l){"use strict";l.querySelector&&d.addEventListener&&"undefined"!=typeof URL&&(d.wp=d.wp||{},d.wp.receiveEmbedMessage||(d.wp.receiveEmbedMessage=function(e){var t=e.data;if((t||t.secret||t.message||t.value)&&!/[^a-zA-Z0-9]/.test(t.secret)){for(var s,r,n,a=l.querySelectorAll('iframe[data-secret="'+t.secret+'"]'),o=l.querySelectorAll('blockquote[data-secret="'+t.secret+'"]'),c=new RegExp("^https?:$","i"),i=0;i<o.length;i++)o[i].style.display="none";for(i=0;i<a.length;i++)s=a[i],e.source===s.contentWindow&&(s.removeAttribute("style"),"height"===t.message?(1e3<(r=parseInt(t.value,10))?r=1e3:~~r<200&&(r=200),s.height=r):"link"===t.message&&(r=new URL(s.getAttribute("src")),n=new URL(t.value),c.test(n.protocol))&&n.host===r.host&&l.activeElement===s&&(d.top.location.href=t.value))}},d.addEventListener("message",d.wp.receiveEmbedMessage,!1),l.addEventListener("DOMContentLoaded",function(){for(var e,t,s=l.querySelectorAll("iframe.wp-embedded-content"),r=0;r<s.length;r++)(t=(e=s[r]).getAttribute("data-secret"))||(t=Math.random().toString(36).substring(2,12),e.src+="#?secret="+t,e.setAttribute("data-secret",t)),e.contentWindow.postMessage({message:"ready",secret:t},"*")},!1)))}(window,document);
//# sourceURL=https://aiep-transculturel.com/transculturailes/wp-includes/js/wp-embed.min.js
/* ]]> */
</script>

Je me souviens de cette douche, ou plus particulièrement de ce lavage de cheveux&#8230; Ces cheveux ? Ceux de Nour, fillette de 10 ans à l’imposante chevelure qui descend jusqu’en bas du dos. Placée dans cette structure depuis un ou deux ans, elle nous est confiée par la juge des enfants. Je suis éducatrice de [&hellip;]
