{"id":945,"date":"2022-07-17T10:59:04","date_gmt":"2022-07-17T08:59:04","guid":{"rendered":"https:\/\/aiep-transculturel.com\/transculturailes\/?page_id=945"},"modified":"2022-07-17T14:28:57","modified_gmt":"2022-07-17T12:28:57","slug":"qui-sommes-nous","status":"publish","type":"page","link":"https:\/\/aiep-transculturel.com\/transculturailes\/qui-sommes-nous\/","title":{"rendered":"QUI SOMMES-NOUS"},"content":{"rendered":"\n<style type=\"text\/css\" data-created_by=\"avia_inline_auto\" id=\"style-css-av-xe49-2bfab04d59e2436f3a25c70293847e3e\">\n.flex_column.av-xe49-2bfab04d59e2436f3a25c70293847e3e{\npadding:30px 30px 30px 30px;\n}\n<\/style>\n<div  class='flex_column av-xe49-2bfab04d59e2436f3a25c70293847e3e av_one_full  avia-builder-el-0  avia-builder-el-no-sibling  first flex_column_div  '     ><p>\n<style type=\"text\/css\" data-created_by=\"avia_inline_auto\" id=\"style-css-av-l5p35rh9-2aeb3d03994ea379544b2983cf4b07bd\">\n#top .av-special-heading.av-l5p35rh9-2aeb3d03994ea379544b2983cf4b07bd{\npadding-bottom:10px;\n}\nbody .av-special-heading.av-l5p35rh9-2aeb3d03994ea379544b2983cf4b07bd .av-special-heading-tag .heading-char{\nfont-size:25px;\n}\n.av-special-heading.av-l5p35rh9-2aeb3d03994ea379544b2983cf4b07bd .av-subheading{\nfont-size:15px;\n}\n<\/style>\n<div  class='av-special-heading av-l5p35rh9-2aeb3d03994ea379544b2983cf4b07bd av-special-heading-h3  avia-builder-el-1  el_before_av_image  avia-builder-el-first '><h3 class='av-special-heading-tag '  itemprop=\"headline\"  >QUI SOMMES-NOUS ?<\/h3><div class=\"special-heading-border\"><div class=\"special-heading-inner-border\"><\/div><\/div><\/div><br \/>\n\n<style type=\"text\/css\" data-created_by=\"avia_inline_auto\" id=\"style-css-av-l5p34ogy-2cecd5128c8051f4fdac17e451e71a61\">\n.avia-image-container.av-l5p34ogy-2cecd5128c8051f4fdac17e451e71a61 img.avia_image{\nbox-shadow:none;\n}\n.avia-image-container.av-l5p34ogy-2cecd5128c8051f4fdac17e451e71a61 .av-image-caption-overlay-center{\ncolor:#ffffff;\n}\n<\/style>\n<div  class='avia-image-container av-l5p34ogy-2cecd5128c8051f4fdac17e451e71a61 av-styling- avia-align-center  avia-builder-el-2  el_after_av_heading  el_before_av_textblock '   itemprop=\"image\" itemscope=\"itemscope\" itemtype=\"https:\/\/schema.org\/ImageObject\" ><div class=\"avia-image-container-inner\"><div class=\"avia-image-overlay-wrap\"><img decoding=\"async\" fetchpriority=\"high\" class='wp-image-946 avia-img-lazy-loading-not-946 avia_image ' src=\"https:\/\/aiep-transculturel.com\/transculturailes\/wp-content\/uploads\/2022\/07\/img-20211114-wa0000.jpg\" alt='' title='img-20211114-wa0000'  height=\"1024\" width=\"1024\"  itemprop=\"thumbnailUrl\" srcset=\"https:\/\/aiep-transculturel.com\/transculturailes\/wp-content\/uploads\/2022\/07\/img-20211114-wa0000.jpg 1024w, https:\/\/aiep-transculturel.com\/transculturailes\/wp-content\/uploads\/2022\/07\/img-20211114-wa0000-300x300.jpg 300w, https:\/\/aiep-transculturel.com\/transculturailes\/wp-content\/uploads\/2022\/07\/img-20211114-wa0000-80x80.jpg 80w, https:\/\/aiep-transculturel.com\/transculturailes\/wp-content\/uploads\/2022\/07\/img-20211114-wa0000-768x768.jpg 768w, https:\/\/aiep-transculturel.com\/transculturailes\/wp-content\/uploads\/2022\/07\/img-20211114-wa0000-36x36.jpg 36w, https:\/\/aiep-transculturel.com\/transculturailes\/wp-content\/uploads\/2022\/07\/img-20211114-wa0000-180x180.jpg 180w, https:\/\/aiep-transculturel.com\/transculturailes\/wp-content\/uploads\/2022\/07\/img-20211114-wa0000-705x705.jpg 705w\" sizes=\"(max-width: 1024px) 100vw, 1024px\" \/><\/div><\/div><\/div><br \/>\n<section  class='av_textblock_section av-l5p3643n-149e80d4e11806c508a28a34a989cb8b '   itemscope=\"itemscope\" itemtype=\"https:\/\/schema.org\/CreativeWork\" ><div class='avia_textblock'  itemprop=\"text\" ><div class=\"wp-container-1 wp-block-group alignfull\">\n<div class=\"wp-block-group__inner-container\">\n<div class=\"wp-block-jetpack-layout-grid alignfull column1-desktop-grid__span-12 column1-desktop-grid__row-1 column1-tablet-grid__span-8 column1-tablet-grid__row-1 column1-mobile-grid__span-4 column1-mobile-grid__row-1\">\n<div class=\"wp-block-jetpack-layout-grid-column wp-block-jetpack-layout-grid__padding-none\">\n<p class=\"has-text-align-justify\">Un groupe\u00a0! Un groupe de 8 femmes. Nous vivons dans diff\u00e9rents coins de France et du Luxembourg. Notre point commun\u00a0: l\u2019int\u00e9r\u00eat pour l\u2019autre. Cette pr\u00e9occupation commune nous a amen\u00e9 \u00e0 nous poser des questions et \u00e0 nous former. Le Dipl\u00f4me Universitaire de \u00ab\u00a0Psychiatrie et Comp\u00e9tences Transculturelles\u00a0\u00bb de l\u2019universit\u00e9 Paris Descartes nous a r\u00e9uni pour l\u2019ann\u00e9e 2020-2021. Nous nous sommes d\u00e9couvertes virtuellement dans ce contexte si particulier. Notre soif de partage et de construction commune nous a entra\u00een\u00e9es dans l\u2019aventure de ce blog.<\/p>\n<p>Vous trouverez dans ces pages, des articles de chacune d\u2019entre nous et des articles co-\u00e9crits. Vous reconna\u00eetrez aux travers des lignes\u00a0:<\/p>\n<p class=\"has-text-align-justify\">La p\u00e9tillante\u00a0<strong>Jenny<\/strong>, infirmi\u00e8re psychiatrique, elle aime mettre en avant le partage et la co-construction des rapports humains. C\u2019est par cette construction commune que chacun apporte \u00e0 l\u2019autre et que se construit notre monde m\u00e9tiss\u00e9.<\/p>\n<p class=\"has-text-align-justify\"><strong>Julie<\/strong>, l\u2019esth\u00e8te, travailleuse sociale de formation, elle partage ses valeurs tant dans sa vie professionnelle que personnelle. La rencontre est son le\u00eftmotiv\u2019, l\u2019ouverture \u00e0 l\u2019autre en est la condition indispensable.<\/p>\n<p class=\"has-text-align-justify\">La discr\u00e8te\u00a0<strong>\u00c9l\u00e9onore<\/strong>, psychomotricienne, elle agr\u00e9mente sa pratique et sa vie quotidienne des singularit\u00e9s qu\u2019elle apprend \u00e0 d\u00e9coder. Elle joue avec les histoires, elle s\u2019enrichit des mythes d\u2019ici et d\u2019ailleurs.<\/p>\n<p class=\"has-text-align-justify\"><strong>Anissa<\/strong>, l\u2019engag\u00e9e, \u00e9ducatrice de jeunes enfants, enseignante et formatrice, elle utilise son m\u00e9tissage pour construire des ponts et rapprocher les \u00eatres.<\/p>\n<p class=\"has-text-align-justify\">La curieuse\u00a0<strong>May-Line<\/strong>, infirmi\u00e8re en psychiatrie, met la lumi\u00e8re sur la pratique de son m\u00e9tier dans ce secteur si particulier. Elle vient ici partager et faire conna\u00eetre, par un outil qu\u2019elle aurait aim\u00e9 trouver.<\/p>\n<p class=\"has-text-align-justify\"><strong>A\u00efssa<\/strong>, la militante, \u00e9ducatrice sp\u00e9cialis\u00e9e, elle travaille au quotidien \u00e0 \u00eatre cette passerelle entre deux mondes pour les personnes avec lesquelles elle travaille. Elle porte haut et fort ces valeurs qui l\u2019animent.<\/p>\n<p class=\"has-text-align-justify\">La douce\u00a0<strong>Delphine<\/strong>, travailleuse sociale, elle se nourrit du partage. M\u00e9diation et ouverture sont ses ma\u00eetres-mots.<\/p>\n<p class=\"has-text-align-justify\">La vive\u00a0<strong>Alice<\/strong>, superviseuse du DU de son \u00e9tat, elle est aussi psychologue clinicienne et Docteur en psychologie. C\u2019est elle qui, par son \u00e9nergie et son enthousiasme, a rendu possible ce projet. Son m\u00e9tissage ouvre des portes et aide \u00e0 surmonter les d\u00e9fis.<\/p>\n<p>Notre objectif est de vous proposer une compl\u00e9mentarit\u00e9 de regards et des r\u00e9flexions transculturelles, mais pas seulement. Notre intention\u00a0: souligner l\u2019humain.<\/p>\n<p class=\"has-text-align-justify\"><em>Un grand merci \u00e0 Nicolas pour notre beau logo. Pour le contacter :\u00a0<a href=\"https:\/\/transculturailes.wordpress.com\/about\/nicolas@accentgraphique.com\">nicolas@accentgraphique.com<\/a><\/em><\/p>\n<\/div>\n<\/div>\n<\/div>\n<\/div>\n<\/div><\/section><\/p><\/div>\n","protected":false},"excerpt":{"rendered":"","protected":false},"author":1,"featured_media":0,"parent":0,"menu_order":0,"comment_status":"closed","ping_status":"closed","template":"","meta":{"footnotes":""},"class_list":["post-945","page","type-page","status-publish","hentry"],"yoast_head":"<!-- This site is optimized with the Yoast SEO plugin v27.1.1 - https:\/\/yoast.com\/product\/yoast-seo-wordpress\/ -->\n<title>QUI SOMMES-NOUS - Transculturailes<\/title>\n<meta name=\"robots\" content=\"index, follow, max-snippet:-1, max-image-preview:large, max-video-preview:-1\" \/>\n<link rel=\"canonical\" href=\"https:\/\/aiep-transculturel.com\/transculturailes\/qui-sommes-nous\/\" \/>\n<meta property=\"og:locale\" content=\"fr_FR\" \/>\n<meta property=\"og:type\" content=\"article\" \/>\n<meta property=\"og:title\" content=\"QUI SOMMES-NOUS - Transculturailes\" \/>\n<meta property=\"og:url\" content=\"https:\/\/aiep-transculturel.com\/transculturailes\/qui-sommes-nous\/\" \/>\n<meta property=\"og:site_name\" content=\"Transculturailes\" \/>\n<meta property=\"article:modified_time\" content=\"2022-07-17T12:28:57+00:00\" \/>\n<meta name=\"twitter:card\" content=\"summary_large_image\" \/>\n<meta name=\"twitter:label1\" content=\"Dur\u00e9e de lecture estim\u00e9e\" \/>\n\t<meta name=\"twitter:data1\" content=\"6 minutes\" \/>\n<script type=\"application\/ld+json\" class=\"yoast-schema-graph\">{\"@context\":\"https:\/\/schema.org\",\"@graph\":[{\"@type\":\"WebPage\",\"@id\":\"https:\/\/aiep-transculturel.com\/transculturailes\/qui-sommes-nous\/\",\"url\":\"https:\/\/aiep-transculturel.com\/transculturailes\/qui-sommes-nous\/\",\"name\":\"QUI SOMMES-NOUS - Transculturailes\",\"isPartOf\":{\"@id\":\"https:\/\/aiep-transculturel.com\/transculturailes\/#website\"},\"datePublished\":\"2022-07-17T08:59:04+00:00\",\"dateModified\":\"2022-07-17T12:28:57+00:00\",\"breadcrumb\":{\"@id\":\"https:\/\/aiep-transculturel.com\/transculturailes\/qui-sommes-nous\/#breadcrumb\"},\"inLanguage\":\"fr-FR\",\"potentialAction\":[{\"@type\":\"ReadAction\",\"target\":[\"https:\/\/aiep-transculturel.com\/transculturailes\/qui-sommes-nous\/\"]}]},{\"@type\":\"BreadcrumbList\",\"@id\":\"https:\/\/aiep-transculturel.com\/transculturailes\/qui-sommes-nous\/#breadcrumb\",\"itemListElement\":[{\"@type\":\"ListItem\",\"position\":1,\"name\":\"Accueil\",\"item\":\"https:\/\/aiep-transculturel.com\/transculturailes\/\"},{\"@type\":\"ListItem\",\"position\":2,\"name\":\"QUI SOMMES-NOUS\"}]},{\"@type\":\"WebSite\",\"@id\":\"https:\/\/aiep-transculturel.com\/transculturailes\/#website\",\"url\":\"https:\/\/aiep-transculturel.com\/transculturailes\/\",\"name\":\"Transculturailes\",\"description\":\"Le blog de l&#039;AIEP Transculturel\",\"potentialAction\":[{\"@type\":\"SearchAction\",\"target\":{\"@type\":\"EntryPoint\",\"urlTemplate\":\"https:\/\/aiep-transculturel.com\/transculturailes\/?s={search_term_string}\"},\"query-input\":{\"@type\":\"PropertyValueSpecification\",\"valueRequired\":true,\"valueName\":\"search_term_string\"}}],\"inLanguage\":\"fr-FR\"}]}<\/script>\n<!-- \/ Yoast SEO plugin. -->","yoast_head_json":{"title":"QUI SOMMES-NOUS - Transculturailes","robots":{"index":"index","follow":"follow","max-snippet":"max-snippet:-1","max-image-preview":"max-image-preview:large","max-video-preview":"max-video-preview:-1"},"canonical":"https:\/\/aiep-transculturel.com\/transculturailes\/qui-sommes-nous\/","og_locale":"fr_FR","og_type":"article","og_title":"QUI SOMMES-NOUS - Transculturailes","og_url":"https:\/\/aiep-transculturel.com\/transculturailes\/qui-sommes-nous\/","og_site_name":"Transculturailes","article_modified_time":"2022-07-17T12:28:57+00:00","twitter_card":"summary_large_image","twitter_misc":{"Dur\u00e9e de lecture estim\u00e9e":"6 minutes"},"schema":{"@context":"https:\/\/schema.org","@graph":[{"@type":"WebPage","@id":"https:\/\/aiep-transculturel.com\/transculturailes\/qui-sommes-nous\/","url":"https:\/\/aiep-transculturel.com\/transculturailes\/qui-sommes-nous\/","name":"QUI SOMMES-NOUS - Transculturailes","isPartOf":{"@id":"https:\/\/aiep-transculturel.com\/transculturailes\/#website"},"datePublished":"2022-07-17T08:59:04+00:00","dateModified":"2022-07-17T12:28:57+00:00","breadcrumb":{"@id":"https:\/\/aiep-transculturel.com\/transculturailes\/qui-sommes-nous\/#breadcrumb"},"inLanguage":"fr-FR","potentialAction":[{"@type":"ReadAction","target":["https:\/\/aiep-transculturel.com\/transculturailes\/qui-sommes-nous\/"]}]},{"@type":"BreadcrumbList","@id":"https:\/\/aiep-transculturel.com\/transculturailes\/qui-sommes-nous\/#breadcrumb","itemListElement":[{"@type":"ListItem","position":1,"name":"Accueil","item":"https:\/\/aiep-transculturel.com\/transculturailes\/"},{"@type":"ListItem","position":2,"name":"QUI SOMMES-NOUS"}]},{"@type":"WebSite","@id":"https:\/\/aiep-transculturel.com\/transculturailes\/#website","url":"https:\/\/aiep-transculturel.com\/transculturailes\/","name":"Transculturailes","description":"Le blog de l&#039;AIEP Transculturel","potentialAction":[{"@type":"SearchAction","target":{"@type":"EntryPoint","urlTemplate":"https:\/\/aiep-transculturel.com\/transculturailes\/?s={search_term_string}"},"query-input":{"@type":"PropertyValueSpecification","valueRequired":true,"valueName":"search_term_string"}}],"inLanguage":"fr-FR"}]}},"_links":{"self":[{"href":"https:\/\/aiep-transculturel.com\/transculturailes\/wp-json\/wp\/v2\/pages\/945","targetHints":{"allow":["GET"]}}],"collection":[{"href":"https:\/\/aiep-transculturel.com\/transculturailes\/wp-json\/wp\/v2\/pages"}],"about":[{"href":"https:\/\/aiep-transculturel.com\/transculturailes\/wp-json\/wp\/v2\/types\/page"}],"author":[{"embeddable":true,"href":"https:\/\/aiep-transculturel.com\/transculturailes\/wp-json\/wp\/v2\/users\/1"}],"replies":[{"embeddable":true,"href":"https:\/\/aiep-transculturel.com\/transculturailes\/wp-json\/wp\/v2\/comments?post=945"}],"version-history":[{"count":3,"href":"https:\/\/aiep-transculturel.com\/transculturailes\/wp-json\/wp\/v2\/pages\/945\/revisions"}],"predecessor-version":[{"id":1065,"href":"https:\/\/aiep-transculturel.com\/transculturailes\/wp-json\/wp\/v2\/pages\/945\/revisions\/1065"}],"wp:attachment":[{"href":"https:\/\/aiep-transculturel.com\/transculturailes\/wp-json\/wp\/v2\/media?parent=945"}],"curies":[{"name":"wp","href":"https:\/\/api.w.org\/{rel}","templated":true}]}}